, what is -2 + 1124?
1122
In base 2, what is 10000110 + 100101?
10101011
In base 5, what is 103 - 1001?
-343
In base 2, what is -101 - 1100011?
-1101000
In base 15, what is -309a + -1?
-309b
In base 14, what is -5 + 775?
770
In base 10, what is 7160 + 3?
7163
In base 8, what is 724 + -4?
720
In base 6, what is -11204 - -2?
-11202
In base 10, what is 1 + -555?
-554
In base 10, what is 21 - 63?
-42
In base 8, what is -115363 - -2?
-115361
In base 5, what is -12 + -323?
-340
In base 8, what is -237 - -35?
-202
In base 4, what is -100230 + -113?
-101003
In base 6, what is 13 + -2545?
-2532
In base 8, what is -21 - 13?
-34
In base 11, what is 3 - 45?
-42
In base 10, what is -7 - 160?
-167
In base 16, what is 29b + 1?
29c
In base 14, what is -12 - -c?
-4
In base 12, what is 8a - -1?
8b
In base 6, what is -210022 - 1?
-210023
In base 16, what is 4 + 1a2?
1a6
In base 6, what is -51 + 52?
1
In base 5, what is 4031 - -20?
4101
In base 2, what is -110111 + 1?
-110110
In base 7, what is 20 + 223?
243
In base 5, what is 32 - -331?
413
In base 12, what is 14 + -5?
b
In base 15, what is 11 - 238?
-227
In base 13, what is 11 + -5?
9
In base 3, what is -1 + -201?
-202
In base 3, what is 111 + -101112?
-101001
In base 3, what is -2 - 1012220?
-1012222
In base 5, what is -32411 - -3?
-32403
In base 2, what is -11001111 + -11?
-11010010
In base 14, what is -1b5 + 5?
-1b0
In base 5, what is -30 - -1?
-24
In base 5, what is -223 - 4?
-232
In base 8, what is -43 + -2?
-45
In base 15, what is -c + -197?
-1a4
In base 12, what is -10 + 4?
-8
In base 2, what is 101 + 1011010110?
1011011011
In base 10, what is -2 - -621?
619
In base 7, what is -353 + 0?
-353
In base 3, what is 11011 - -10?
11021
In base 11, what is 4 - 172?
-169
In base 4, what is 2 + -2322?
-2320
In base 14, what is -15 + -80?
-95
In base 8, what is 60 + 5?
65
In base 13, what is 2 + -85b?
-859
In base 15, what is ae - -1?
b0
In base 4, what is 1 + -12130?
-12123
In base 11, what is 16 + 19?
34
In base 11, what is 6 - -104?
10a
In base 8, what is 1 - -460?
461
In base 10, what is -2 - 2259?
-2261
In base 13, what is -2 - 40b?
-410
In base 5, what is 3 + -3212?
-3204
In base 14, what is 38da - -3?
38dd
In base 12, what is -1 - -289?
288
In base 13, what is -188 + b?
-17a
In base 11, what is 182a - -2?
1831
In base 10, what is -3 + -1372?
-1375
In base 5, what is 3 - 2430?
-2422
In base 2, what is -10010 - 11100101?
-11110111
In base 11, what is -a66 + 3?
-a63
In base 4, what is -22322 + 10?
-22312
In base 11, what is -9 + -40?
-49
In base 12, what is -45 + -4?
-49
In base 2, what is 1 + 1010110?
1010111
In base 2, what is -101 + -1100001100111?
-1100001101100
In base 6, what is -1205 + 4?
-1201
In base 10, what is 4 - 7?
-3
In base 15, what is 2 + -912?
-910
In base 2, what is 100111011 + -1?
100111010
In base 4, what is -2 - -33031?
33023
In base 13, what is 4 - 29?
-25
In base 6, what is -1 - 1202?
-1203
In base 14, what is 0 + 61?
61
In base 9, what is -10 - -55?
45
In base 2, what is -1001111011011 - 101?
-1001111100000
In base 14, what is -1 + -382?
-383
In base 4, what is 10 + -3212?
-3202
In base 10, what is 35 + 5?
40
In base 11, what is 9 + 19?
27
In base 13, what is 4 - -18aa?
18b1
In base 2, what is 11 + 101110001?
101110100
In base 14, what is 6d9 + -4?
6d5
In base 10, what is -256 + 5?
-251
In base 5, what is -1000 + 10?
-440
In base 9, what is 4 + 361?
365
In base 12, what is -1b + -95?
-b4
In base 7, what is 1 - 46?
-45
In base 6, what is 12 - -11?
23
In base 10, what is 132 + -3?
129
In base 9, what is -5 - -1177?
1172
In base 6, what is 151 + -5?
142
In base 14, what is 5 - -87?
8c
In base 7, what is 23 + -13?
10
In base 5, what is 3242 - 3?
3234
In base 5, what is -102 - -14?
-33
In base 7, what is 5 + 5?
13
In base 7, what is 263 - -1?
264
In base 6, what is -5 + -11300?
-11305
In base 5, what is -311 + -12?
-323
In base 4, what is -111 - 11?
-122
In base 11, what is -296 - -3?
-293
In base 10, what is 1 + -39?
-38
In base 3, what is 1001 + 220?
1221
In base 12, what is -89 + -6?
-93
In base 8, what is -455 - -2?
-453
In base 3, what is -12101112 + -10?
-12101122
In base 11, what is 1 + -57?
-56
In base 3, what is 10 - -10202?
10212
In base 11, what is -60 + -14?
-74
In base 6, what is 1 + 255?
300
In base 16, what is -4 - 40?
-44
In base 4, what is -220221 + 0?
-220221
In base 16, what is -1f80 + 1?
-1f7f
In base 2, what is 0 + 11111010?
11111010
In base 12, what is -4 + -34?
-38
In base 14, what is 5 - -25?
2a
In base 3, what is -110 - 1022?
-1202
In base 3, what is 102120 - 101?
102012
In base 7, what is 356 - 3?
353
In base 5, what is -3 - 3312?
-3320
In base 3, what is -2 - 1012?
-1021
In base 5, what is -11 - -112?
101
In base 13, what is 9 + -4?
5
In base 4, what is 10 - 2200?
-2130
In base 11, what is 103 + 4?
107
In base 6, what is 10 + -2004?
-1554
In base 8, what is -147 + -2?
-151
In base 15, what is 5 - -29?
2e
In base 10, what is -12 + -577?
-589
In base 11, what is 9a0 - -2?
9a2
In base 11, what is -15 + -13?
-28
In base 14, what is -80 - -4?
-7a
In base 8, what is -4611 + 3?
-4606
In base 15, what is 4 - 185?
-181
In base 11, what is 5 - 21?
-17
In base 11, what is -12 - -48?
36
In base 14, what is 6131 - 0?
6131
In base 2, what is 100110110 - -110110?
101101100
In base 10, what is 1 + 206?
207
In base 2, what is 1100010100101010 - 11?
1100010100100111
In base 15, what is 3c7 + -5?
3c2
In base 14, what is dc + b?
109
In base 5, what is -1244 - 4?
-1303
In base 7, what is 2 - -3423?
3425
In base 11, what is -47 + a?
-38
In base 15, what is -3 - 84?
-87
In base 14, what is -2 - -5d?
5b
In base 8, what is -677 + 4?
-673
In base 4, what is -111010 + -2?
-111012
In base 8, what is 4660 - -4?
4664
In base 3, what is -10 - -1001?
221
In base 6, what is -1 - 224?
-225
In base 6, what is 1 + -2?
-1
In base 10, what is 4 + -3736?
-3732
In base 10, what is -17 - -178?
161
In base 15, what is -200 + 2?
-1ed
In base 16, what is ceb + 5?
cf0
In base 2, what is -100100 - 101?
-101001
In base 16, what is -28e + -d?
-29b
In base 10, what is 11 - 44?
-33
In base 2, what is -1011110111 + -10?
-1011111001
In base 4, what is 1311 - -232?
2203
In base 10, what is 122 + 41?
163
In base 12, what is 0 - -56?
56
In base 13, what is -13 + 47?
34
In base 13, what is 1 - 1b?
-1a
In base 16, what is -7 + -27?
-2e
In base 4, what is -3 + -3122?
-3131
In base 12, what is 167b - 0?
167b
In base 15, what is -2 - -2a?
28
In base 8, what is 13 - 154?
-141
In base 9, what is -8 + -200?
-208
In base 10, what is 6 - -751?
757
In base 5, what is 4 - 300?
-241
In base 4, what is 2301 + -1?
2300
In base 10, what is -53 - -8?
-45
In base 8, what is -324 + -5?
-331
In base 16, what is 2 - -1a98?
1a9a
In base 16, what is -2 + 45?
43
In base 12, what is 6 + -12?
-8
In base 14, what is 4 + -90?
-8a
In base 16, what is 3 - e?
-b
In base 12, what is -1841 + 4?
-1839
In base 13, what is -96 + -3?
-99
In base 8, what is -25 + 4?
-21
In base 11, what is 3 - -16?
19
In base 16, what is c - -324?
330
In base 4, what is -1 - 330?
-331
In base 13, what is 2 - -31?
33
In base 8, what is 5 - -37?
44
In base 4, what is -1003 - 3?
-1012
In base 4, what is -2221 + -1?
-2222
In base 15, what is 4 + -36?
-32
In base 11, what is -4 - -22?
19
In base 11, what is -3 - -9a1?
999
In base 2, what is -100010 + -1001000?
-1101010
In base 15, what is 21 - 8?
18
In base 9, what is -2 - -24?
22
In base 2, what is 11 + 10001101?
10010000
In base 13, what is 2 + 8c?
91
In base 11, what is -4 - -13?
a
In base 9, what is -472 + -2?
-474
In base 2, what is -11 - -1100111100?
1100111001
In base 15, what is 9a4 - 2?
9a2
In base 3, what is -2 + -2202100?
-2202102
In base 11, what is 0 + 10?
10
In base 6, what is -1 - 25?
-30
In base 7, what is -5 + -206?
-214
In base 3, what is -20 - -2102?
2012
In base 4, what is -232 - 31?
-323
In base 5, what is -42 + 201?
104
In base 10, what is -6 + 9?
3
In base 5, what is -24011 + 1?
-24010
In base 5, what is 0 - 10021?
-10021
In base 15, what is -6a36 - 0?
-6a36
In base 16, what is -83 - 0?
-83
In base 8, what is 2 - 137?
-135
In base 12, what is 21 - -50b?
530
In base 15, what is -4 + -162e?
-1633
In base 14, what is 553 + -d?
544
In base 16, what is -271 + 5?
-26c
In base 7, what is 110 - 15?
62
In base